o?
241
Let i = 65941 + -36764. List the prime factors of i.
163, 179
Let q(u) = -2*u**3 + u**2 + 3*u - 3. Let x(m) = -8*m - 50. Let o be x(-6). Let l be q(o). Suppose 1752 = l*z + 399. What are the prime factors of z?
3, 41
Suppose 3*p + 221970 = 2*d + 28091, -6*p + 96947 = d. List the prime factors of d.
13, 7457
Let p(s) be the third derivative of -s**4/4 + 15*s**3/2 + s**2 + 134. What are the prime factors of p(-20)?
3, 5, 11
Suppose 3*d + 2890 = r, -2*r + 20*d + 5766 = 16*d. What are the prime factors of r?
19, 151
Let t be 16/56 - 1152/14. Let z = 150 + t. Suppose -12*o = -10*o - z. List the prime factors of o.
2, 17
Let q(h) = 3*h**2 + 4*h - 3. Let k be ((-21)/9 - -2)*-15. Suppose 7 = -3*a - k. List the prime factors of q(a).
29
Suppose -3*i - 18 - 3 = 0. Let d(v) = v - 24. Let z(u) = 1. Let k(h) = -d(h) - 3*z(h). List the prime factors of k(i).
2, 7
Let v = -60 + 174. Suppose -5*y - 5*m + 610 = 0, 4*y - m = 3*y + v. Suppose y - 75 = p. What are the prime factors of p?
43
Let j(i) = -4*i + 536. Let c be j(123). Let t(a) = -5*a**2 - 8*a - 5. Let p be t(-6). Let b = c - p. What are the prime factors of b?
181
Let m = -18700 + 22857. List the prime factors of m.
4157
Let v(o) = -o**3 + 64*o - 13*o**2 - 17 - 189*o + 84*o. List the prime factors of v(-13).
2, 3, 43
Let l = 2364 - 62. Suppose 1019 = 3*b - l. List the prime factors of b.
3, 41
Let i(q) = -q**2 + 17 + 2 + 12 - 3 - 14*q + 1. Let u be 2/2*13/(-1). List the prime factors of i(u).
2, 3, 7
Let i be (-2394)/190 + 3/5. Let k(x) = 3*x**2 + 35*x + 22. What are the prime factors of k(i)?
2, 17
Suppose -17*l + 3*l - 1092 = 0. Let w = 208 + l. List the prime factors of w.
2, 5, 13
Let i(q) = 70*q**2 - 350*q + 1. What are the prime factors of i(-10)?
10501
Let y(d) = 48*d**2 - 4*d + 28. Let c be y(-6). Suppose -10*l = 10*l - c. What are the prime factors of l?
89
Let f = 3115 - 1092. Let x = -660 + f. Suppose -14*z + 4667 = x. List the prime factors of z.
2, 59
Suppose 223*s = 8674539 - 1607892. List the prime factors of s.
3, 7, 503
Suppose -5*j + 2*c + 15 = 0, -2*j + 6 = -c + 4*c. Let y(s) = 6*s**j + s + 8*s**3 + 13*s**2 + 22 - 15*s**3. What are the prime factors of y(13)?
5, 7
What are the prime factors of ((-50)/2 - -28)*(6122 + -2 - -1)?
3, 6121
Let f(l) = -232*l**2 - 100 + 63*l**2 + 55*l**2 + 56*l**2 - 8*l + 63*l**2. What are the prime factors of f(-10)?
2, 3, 5
Let q = 7180 - -13673. List the prime factors of q.
3, 7, 331
Let z = 115 - 174. Let v = z + 69. Suppose -v*c + 0*c + 1070 = 0. List the prime factors of c.
107
Suppose 0 = 4*w - 41*w - 148. Let q(g) = 61*g**2 + 7*g + 27. What are the prime factors of q(w)?
3, 5, 13
What are the prime factors of 6/111 + (-105583040)/(-2960)?
2, 3, 5, 29, 41
Let z(c) = 7*c**2 + 14*c**2 - 6*c**2 - 2 - 59*c - 4*c**2. List the prime factors of z(-3).
2, 137
Suppose -8 = -4*o + 16. Suppose 2*t - o + 2 = 0. Suppose -2*b + 2*w + 338 = 0, -4*w + t = -3*w. What are the prime factors of b?
3, 19
Suppose 28 = 2*v - s - 62, -178 = -4*v + s. Let h = v + -41. Suppose -h*b - 72 = -5*b. What are the prime factors of b?
2, 3
List the prime factors of (-1 + 2)*(-98295*4/(-6) + 15).
5, 13109
Let j be 2 + 0 + -3 + 3. Suppose 6*p + 40 = 328. Suppose 20 = j*a - p. List the prime factors of a.
2, 17
Suppose -j + 10*j - 45 = 0. Suppose 325 = 4*m + 5*u + 67, m = j*u + 77. What are the prime factors of m?
67
Suppose 91 + 149 = 24*r. Suppose 6380 = 14*x - r*x. List the prime factors of x.
5, 11, 29
List the prime factors of 10399/((86/(-215))/(12/(-15))).
2, 10399
What are the prime factors of (266/42)/19 + 24992/3?
3, 2777
Let x = -494 - -974. Suppose 0 = -i - 5*z + 653, 4*i - 3*z - x - 2040 = 0. What are the prime factors of i?
3, 211
Let p(m) = 55*m**2 - 2*m + 1. Let i = 76 - 75. What are the prime factors of p(i)?
2, 3
Suppose -5*z - x + 12 + 17 = 0, -2*z - 2 = -3*x. Suppose z*f = 5*r + 2110, -2*f - 355 = -3*r - 1196. List the prime factors of f.
5, 17
Let t be (-4)/14 + 37/7. Suppose t*n + 2*n - 511 = 0. Let c = n - 34. What are the prime factors of c?
3, 13
List the prime factors of 259435/45 - (-30)/(-135).
5, 1153
Suppose 21*o = 17*o - 64. Let m(r) = r**3 + 19*r**2 + 9*r - 25. List the prime factors of m(o).
599
Suppose -24 = 34*r - 40*r. What are the prime factors of -4*r*(-64)/4?
2
Let y(w) = -w**3 - w - 1. Let p(m) = 2*m**3 + 6*m**2 + 2*m + 10. Let k(d) = -p(d) - y(d). Let x be k(-6). List the prime factors of x + -2*(-1 - 46).
7, 13
Let o(f) = -34 + 61 - 30*f + 51*f**2 - 2*f**3 + 6*f. What are the prime factors of o(25)?
2, 13
Suppose 0 = 8*g - 12*g + 20. Suppose -g*v + 188 = -7*v. Let r = v + 152. What are the prime factors of r?
2, 29
Suppose -3*b + 38 = 4*s, 6*s - 53 = s - b. Suppose -k - s = -3*z, 2*z = -3*k + 3*z - 9. What are the prime factors of k - -4 - 1/(4/(-44))?
13
Let z be -5*(0/12 + 2/(-2)). Suppose -71 - 55 = -3*f + 3*v, z*v = -2*f + 70. List the prime factors of f.
2, 5
Suppose q + o = -q + 4490, 2252 = q + 4*o. Suppose 3*a - q - 51 = 0. What are the prime factors of a?
3, 5, 17
Let p = -144 - -242. Let o be (-2)/((-2)/7 + 12/(-56)). Suppose o*j - p - 54 = 0. What are the prime factors of j?
2, 19
Let k be (-194 - 4)/((-16)/24). Suppose -301*i + k*i = -44. What are the prime factors of i?
11
Let i(a) = -16*a**3 + 16*a**2 + 64*a + 7. What are the prime factors of i(-3)?
17, 23
Let x = 555 - 687. What are the prime factors of 11/(0 + (-2)/x)?
2, 3, 11
Let j(n) = 167*n**3 - 2*n**2 + 25*n - 30. List the prime factors of j(4).
2, 31, 173
Let v = 3973 - -30340. What are the prime factors of v?
34313
Let v(w) = -1465*w - 979. List the prime factors of v(-17).
2, 7, 1709
Suppose -1019*j = -2*o - 1023*j + 57798, 0 = -3*o + 4*j + 86747. What are the prime factors of o?
28909
Suppose 168 = 3*n + a + 872, 4*n + 2*a + 936 = 0. Let x = 122 + n. Let r = x + 185. What are the prime factors of r?
71
Suppose 0 = 5*i - 0*i. Suppose i = -6*l + 4*l. Suppose l = -3*g - 72 + 285. What are the prime factors of g?
71
Let d = 30367 - 18049. List the prime factors of d.
2, 3, 2053
Suppose 5*w = 3*o - 82045, -7*o = -8*o + w + 27349. List the prime factors of o.
2, 5, 547
Let m = -4355 + 64056. What are the prime factors of m?
227, 263
Suppose -112*s + 117*s = 11785. What are the prime factors of s?
2357
Let z be (-6 - (-340)/2) + 7. Suppose -129*a - z = -130*a. What are the prime factors of a?
3, 19
Let z(y) be the second derivative of -4*y**3/3 - 10*y**2 + 17*y. Let t be z(0). Let j(x) = x**2 + 8*x - 16. What are the prime factors of j(t)?
2, 7
Suppose 0 = 6*j - 3162 - 1662. Let g = j - 351. List the prime factors of g.
3, 151
Suppose -3*b = 2*i - 3296, 2*i - 56*b = -57*b + 3292. What are the prime factors of i?
5, 7, 47
Suppose 5*m = p + 1945, -p + 93 = 5*m - 1852. Suppose -835 = -4*f + m. Suppose -3*z - f = -3*a, 4*a = 7*a + 5*z - 282. List the prime factors of a.
3, 11
Suppose 5*f - 5*b = 185955, 2*f + b - 5884 = 68522. What are the prime factors of f?
37199
Let i be (0 + 2)/(5/190). Suppose -y = 2*y - 114. Let a = i - y. What are the prime factors of a?
2, 19
Suppose -178*k - 1958 = -180*k. Let n = k - 572. What are the prime factors of n?
11, 37
Let u(v) = -204*v**2 - 6*v + 6. Let k be u(1). Let j = k + 270. List the prime factors of j.
2, 3, 11
Let y(p) = -1803*p**2 + 5*p - 24. Let a be y(3). What are the prime factors of (6/(-4))/(27/a)?
2, 11, 41
Let s(p) = 8540*p**2 - 41*p + 78. List the prime factors of s(2).
2, 8539
Suppose 31*z + 60*z = -1254072 + 4002545. List the prime factors of z.
30203
Let v be ((-34076)/(-16))/7 + 9/12. Let c = v + -250. List the prime factors of c.
5, 11
Let z be 10/15 + -1 + (-91)/(-3). Let q be ((-84)/(-18) - -6)*z/8. Suppose 23 = p - f, f = 3*p - 29 - q. What are the prime factors of p?
23
Let p = -19 + 23. Suppose p*c = 2*w + 642, c - 3*w = -4*w + 165. Let j = c + 49. What are the prime factors of j?
211
Let b(h) = -3*h - 9. Let x be b(3). Let c be 11/((-55)/x)*5. What are the prime factors of (6*(-5)/(-20))/(1/c)?
3
Let o = -287 + 485. Let s = o + 211. What are the prime factors of s?
409
Suppose 5*k + k = -12. Let l(v) = -219*v + 1. Let b be l(k). Let d = b - 308. What are the prime factors of d?
131
Suppose -11*m - 5774 = -14277. Suppose 5*f - 10 - m = -3*q, -632 = -4*f - q. List the prime factors of f.
3, 53
Let o = 7195 